*q**2 - 2 - 3*q**3 + 12 - 7 + q + 2*q**3. Calculate the remainder when i(-3) is divided by 24.
21
Let u = 0 - -11. Calculate the remainder when 40 is divided by u.
7
Let u = -58 + 74. What is the remainder when u is divided by 9?
7
Let y(h) = -15*h. Let j be y(-1). Suppose -3*f - 12 = -5*r + j, 2*r = -2*f + 14. Let k(d) = 3*d + 3. Calculate the remainder when k(6) is divided by r.
3
Let k be (-86)/(-7) - 26/91. What is the remainder when 58 is divided by -25*4/((-80)/k)?
13
What is the remainder when 53 is divided by 146/8 - 8/32?
17
Suppose -k + 39 = i, 2*i + 3*i - 2*k - 223 = 0. Calculate the remainder when i is divided by 23.
20
Let l = 7 - 11. Let m(f) = -f**3 - 2*f**2 - 3*f - 4. Let g = 3 - -11. Calculate the remainder when m(l) is divided by g.
12
Let h = -18 - -23. What is the remainder when h is divided by 3?
2
Suppose -3*s + 35 = 2*c, 25 + 72 = 5*c - 2*s. Calculate the remainder when 75 is divided by c.
18
Let i(z) = -z**3 - 8*z**2 - 10*z - 14. Calculate the remainder when i(-8) is divided by 15.
6
Suppose t - 2*t = -4. Suppose -2*x - 34 = -4*l, t*l + 2*x + x = 39. What is the remainder when 24 is divided by l?
6
Suppose 5*o + 0*o = 20. Suppose 4*g - 31 = -c, -4*g + 22 = -6*c + o*c. What is the remainder when g is divided by 3?
1
Suppose 4*j - 14*j + 160 = 0. What is the remainder when 63 is divided by j?
15
Let j(y) = -58*y - 7. What is the remainder when j(-1) is divided by 18?
15
Let u = 31 + -29. Calculate the remainder when 3 is divided by u.
1
Suppose -30 = 5*o - 0*g + 4*g, 0 = 3*o + 2*g + 16. Let m(a) = -a**2 + 4. Let z be m(0). Let w = z - o. What is the remainder when 11 is divided by w?
5
Let c(n) = -n**2 - 9*n + 10. What is the remainder when 736/14 + 15/35 is divided by c(-8)?
17
Suppose 0*a = -4*a + 16. Let r(l) = -l**3 + 7*l**2 - 4*l - 7. Calculate the remainder when 46 is divided by r(a).
21
Let k(i) = -i**2 + 10*i + 1. Calculate the remainder when 87 is divided by k(3).
21
Let p = -37 + 46. Let v(s) = s**3 + s**2 - s + 6. What is the remainder when p is divided by v(0)?
3
Suppose 14 + 6 = 4*q. What is the remainder when 11 is divided by q?
1
Suppose -28 = 2*k - 7*k - 4*t, -5*k = -3*t - 14. Suppose 4*g - 94 = -2*b, k*g = 5*b - 79 - 86. What is the remainder when b is divided by 10?
7
Suppose -l = -3*t - 13, -9 = -3*l - t - 0*t. What is the remainder when l/(-6) - (-22)/6 is divided by 3?
0
Let u be (-1)/(-3) + 276/9. Suppose -4*v + u = -p - v, 4*p + 140 = -4*v. Calculate the remainder when 21 is divided by p/(-6) + (-6)/(-18).
3
Suppose 7*s - 2*s - 15 = 0. Suppose -2*n = p - 11, 0 = -p + s*n + 1. Calculate the remainder when p is divided by 4.
3
Let d(h) = h + 1. Let c be d(1). What is the remainder when 38 is divided by -1 + (c - (3 - 10))?
6
Let w(u) = 5*u + 8. Calculate the remainder when w(9) is divided by 28.
25
Let u(o) = o**2 + 25. Let g be u(0). Let b = -14 + g. What is the remainder when b is divided by 3?
2
Let u(q) = -q - 9. Let n be u(-8). Let x = n + 3. Suppose 5*v = -c + 32, -5*v = -v + x*c - 28. Calculate the remainder when 16 is divided by v.
4
Let a(g) = g + 30. Let y(o) be the second derivative of o**4/12 + o**3/6 - 3*o**2/2 - o. What is the remainder when a(-5) is divided by y(3)?
7
Suppose -2*b + b = 14. Suppose l + 3*m - 17 - 19 = 0, 0 = -m. Let a = b + l. What is the remainder when a is divided by 8?
6
Suppose 15*j - 154 + 4 = 0. Calculate the remainder when 18 is divided by j.
8
Suppose 4*j - 160 = 2*j. What is the remainder when j is divided by 27?
26
Let r(k) = -k**2 - 12*k + 2. What is the remainder when 37 is divided by r(-11)?
11
Let h = -43 + 52. What is the remainder when h is divided by (-2 - -1) + 7 + 0?
3
Suppose 4*a - 23 = 9. Suppose -64 + 20 = -2*g. What is the remainder when g is divided by a?
6
What is the remainder when 49 is divided by (-4)/(16/12) + 16?
10
Calculate the remainder when 52 is divided by (-9)/1*(-6)/2.
25
Let z(p) = -p**3 + 6*p**2 + 19*p - 11. What is the remainder when 25 is divided by z(8)?
12
Suppose 0 = c + 5*s - 68, -3*c - s - 188 = -7*c. Calculate the remainder when c is divided by 25.
23
Suppose 0 = 3*p + 2*t - 12, 2*p - 36 = -2*p + 4*t. What is the remainder when 10 is divided by p?
4
Let q = 7 + 5. Suppose -4*p - 3*c + 3 = 1, 4*p + 2*c = 4. Suppose p*m + 21 = 65. What is the remainder when m is divided by q?
10
Suppose -m = -3*m - 14. Let g(s) = -s**2 - 9*s + 1. Let k(y) = -y**3 - 5*y**2 - 6*y. Calculate the remainder when g(m) is divided by k(-4).
7
Let r(c) = c**3 + c**2 - 2. What is the remainder when 38 is divided by r(2)?
8
Suppose 3*w - 16 = -w. What is the remainder when (-1 + w)/(6/4) is divided by 2?
0
Let t = 6 + -3. Calculate the remainder when (116/(-6))/((-1)/t) is divided by 20.
18
Let x(i) = -25*i + 2. Let f be x(-4). Suppose -3*p + f = -0*p. Suppose -4*g - 1 = -49. What is the remainder when p is divided by g?
10
Let x = 19 - 8. Let i = 10 + x. Suppose 4*n - 5*t = 37, -6*t = -2*n - 3*t + i. What is the remainder when 5 is divided by n?
2
Suppose -4*j + u + 31 + 53 = 0, 0 = 4*j + 4*u - 64. What is the remainder when 76 is divided by j?
16
Let t(y) = 2*y**2 + y - 1. Suppose 2*x + 2*o - 8 = 0, 0 = -0*x - 2*x - 5*o + 14. Let a be t(x). What is the remainder when (a/6)/((-3)/(-8)) is divided by 2?
0
Suppose -33 = -z - 7. Calculate the remainder when 77 is divided by z.
25
Let k(v) = -v**2 - 8*v + 2. Calculate the remainder when 7 is divided by k(-8).
1
Let k be (-2)/(-10) + (-3)/15. Suppose -q + 2*q = k. Suppose q = -5*t - 37 + 132. What is the remainder when t is divided by 7?
5
Suppose -f + 6*f - 370 = 0. What is the remainder when f is divided by 38?
36
Suppose -5*d + 20 = 3*v + 2, 5*d = -5*v + 20. Suppose d*p = -5*f + 110, f = 5*p + 2*f - 154. Calculate the remainder when p is divided by 11.
8
Suppose 3 = u - 6. Suppose -10 = 3*w - 8*w. What is the remainder when u is divided by w?
1
Let u(n) = 3*n + 3*n - 1 - 4*n. Let i be u(-1). Calculate the remainder when (35/i)/((-1)/3) is divided by 12.
11
Let s = -77 + 128. Calculate the remainder when s is divided by 19.
13
Let c = 166 - 77. Let q(t) = t**3 - 22*t**2 + 2*t - 21. What is the remainder when c is divided by q(22)?
20
Suppose -5*x = -28 - 32. Suppose -t - f + 2 = -0*f, 5*t - x = -3*f. What is the remainder when t is divided by 3?
0
Suppose 0 = -3*f + 6 + 3, 4*f = b + 10. Suppose -b*t = -t - 13. Calculate the remainder when 23 is divided by t.
10
Let h(d) = d**3 - 11*d**2 + 13*d - 19. Suppose 0 = -4*y + 5*y - 42. Calculate the remainder when y is divided by h(10).
9
Suppose -6*f + f + 2*l + 26 = 0, 5*l = -f + 16. Suppose f = -5*p + 6*p. Calculate the remainder when 9 is divided by p.
3
Let a(v) = -v**2 + 7*v + 2. Let j(y) = -11*y + 3. Calculate the remainder when j(-4) is divided by a(5).
11
Suppose -18*r + 23*r - 340 = 0. What is the remainder when r is divided by 8?
4
Let m(p) = -p - 7*p + 6 + 0 - 5. What is the remainder when m(-3) is divided by 13?
12
Suppose -5*m + 27 = 2*h, -5 = -m + 4*h - 4. Suppose q - m*q = -204. What is the remainder when q is divided by 13?
12
Let h = 15 + 3. Calculate the remainder when 70 is divided by h.
16
Let r(x) = x + 11. Calculate the remainder when r(11) is divided by 10.
2
Calculate the remainder when 5/((-20)/(-371)) - 2/(-8) is divided by 20.
13
Suppose o - 82 = 105. What is the remainder when o is divided by 47?
46
Let w(k) = -k**2 + 3*k + 2. Let l be w(4). Suppose -f = f - 38. Calculate the remainder when f is divided by 11 + (-1)/(-1) + l.
9
Let o(d) = -d**3 + 4*d**2 + 2*d + 1. Let s be (-34)/(-9) + 6/27. What is the remainder when 2/(-3) + (-100)/(-6) is divided by o(s)?
7
Let o be 2/3 - (-3)/9. Suppose -o = j - 3. Let r = 7 - j. What is the remainder when r is divided by 3?
2
Let k(c) = -c**3 + 4*c**2 - 4. Let d be k(3). Suppose d*b - 132 = b. Calculate the remainder when b is divided by 7.
5
Let t = 42 - 18. Calculate the remainder when 45 is divided by t.
21
Let v(q) = 3*q - 3. Let l be -8*((-1)/(-2))/(-1). Let g(j) = 2*j - 3. Let s(x) = l*g(x) - 3*v(x). Calculate the remainder when 11 is divided by s(-9).
5
Let f = -48 - -114. Calculate the remainder when f is divided by 34.
32
Let v = -2 - -7. Suppose -5*u + v*b = 120, 3*u = -u + 3*b - 100. Calculate the remainder when 10 is divided by u/(-5) - 6/(-15).
4
Let j(h) = -17*h - 1. Let u be j